8. Let i be d(-10). Let h = i - 7. Let m(x) = -x**3 + 5*x**2 - x + 1. What is m(h)?
-4
Suppose j - 2*j + 8 = -3*u, -5*u = -j + 8. Let h(g) = g**2 - 2*g - 11. Calculate h(j).
37
Suppose -3*d - 5*m + 19 + 24 = 0, 3*d + 2 = 4*m. Let y(x) = x + 1. Let v(j) = 4*j + 5. Let o(i) = d*y(i) - v(i). Determine o(-1).
-1
Let r(q) = -q**3 - 2*q**2 + 3. Let d(h) = -h**3 + 5*h**2 + 9*h - 1. Let a be d(6). Let p = 22 - a. Let i be p/(-2)*12/10. Give r(i).
12
Let s(y) = -9*y - 14. Let f(h) = 11*h + 13. Let b(i) = 5*f(i) + 6*s(i). Give b(13).
-6
Let f = -28 - -30. Let m(n) = -n**2 - 2*n + 3. Let x be m(f). Let b(z) = z**3 + 4*z**2 - 8*z - 7. Give b(x).
8
Let j(a) = -a**2 + 8*a - 16. Let d(x) = 5*x**2 - 40*x + 3. Let h be d(8). What is j(h)?
-1
Let t(d) = 54*d**3 + 4*d**2 + 7*d + 4. Let i(r) = 52*r**3 + 3*r**2 + 6*r + 3. Let v(g) = -5*i(g) + 4*t(g). What is v(1)?
-44
Let q(l) = -l - 1. Suppose 0 = -2*m + 4*r + 3 - 15, 12 = -2*m - 3*r. What is q(m)?
5
Let t(d) = 2*d**2 - 4*d - 1. Let h(u) = u. Let r be h(8). Suppose 3*o = 3*j - 26 + r, -2*o = j. What is t(j)?
15
Let u(o) = -4*o**2 + 2*o + 2. Let a be u(2). Let m = 11 + a. Let q(c) = 0*c + 0*c + 3*c + m. Give q(-2).
-5
Let l(m) be the first derivative of -m**4/4 - 7*m**3/3 - m**2 - 5*m + 62. What is l(-7)?
9
Let h(u) = -9*u - 3. Let n(y) = -y. Let v(a) = h(a) - 2*n(a). Calculate v(-2).
11
Let o(h) = 21*h**2 + h + 1. Suppose 12 = -2*j - 11*v + 13*v, 0 = 2*v - 10. Give o(j).
21
Let j(h) = -13*h**2 - 19*h**2 + 3*h - 4 - 14*h**2 + 47*h**2. Let n be (18/15)/((-2)/(-5)). What is j(n)?
14
Let n(s) = -s**2 + 9*s. Let a(j) = 3*j**2 - 11*j + 5. Let b be (-18)/6 - (2 - 9). Let v be a(b). Determine n(v).
0
Let b(s) be the third derivative of -1/15*s**5 + s**2 + 1/12*s**4 + 1/6*s**3 + 0*s + 0 + 1/120*s**6. Give b(2).
-3
Let t be (-44)/(-10) + 12/20. Let f(j) = -j + 5. Calculate f(t).
0
Let a(d) = 3*d**2 - 12*d - 1. Let w(x) = 2*x**2 - 6*x. Suppose 3*f - 10 = 5. Let n(t) = f*w(t) - 3*a(t). Let m = -7 + 1. Determine n(m).
3
Let g(x) be the second derivative of -1/6*x**3 - 1/2*x**2 - 10*x + 0. Calculate g(3).
-4
Let q = -140 - -139. Let n be (-18)/(-36)*4/q. Let c(y) = y - 1. Calculate c(n).
-3
Let b(t) be the third derivative of 0 - 1/8*t**4 + 3*t**2 + 0*t - 7/720*t**6 + 0*t**3 + 1/120*t**5. Let c(q) be the second derivative of b(q). Give c(-1).
8
Let x(v) = -5*v**3 + 2*v**2 - 4*v + 9. Suppose 9*n + 5 = 4*n. Let o(q) = -q**3 + q**2 + 1. Let y(f) = n*x(f) + 6*o(f). Let a be 30/4*6/9. Give y(a).
-8
Let o(d) be the first derivative of 8*d**3/3 + 2*d**2 + 3*d + 9. Let i be o(-2). Let p = 23 - i. Let a(k) = k**3 + 5*k**2 + k + 2. Calculate a(p).
14
Let l(c) = 25 + 0*c - 37 - c. Let v be l(-8). Let y(a) = -a**2 - 3*a - 1. Determine y(v).
-5
Suppose -37*t + 198 = -4*t. Let w(z) = z**2 - 3*z - 11. Give w(t).
7
Let v(b) = 4*b + 4. Let q(r) = -12*r - 12. Let t(f) = 5*q(f) + 14*v(f). Calculate t(-3).
8
Let p(q) = q**2 + q - 2. Let i be p(1). Let c be (-35)/(-5) - (2 - i). Let w(l) = 2*l + c + 4*l - 5*l. Determine w(-4).
1
Let a(y) = 3*y**2 + 7*y - 6. Let n be a(1). Let s(q) be the third derivative of -1/6*q**3 + q**2 + 0*q + 1/24*q**4 + 0. What is s(n)?
3
Suppose 0 = 5*l - 15, -p - 13 = l - 3*l. Suppose 2*u = -3*a + 9, -4*a - 8 = -0*u - 4*u. Let d(t) = 3*t + 5 - u*t + t + 0*t. What is d(p)?
-2
Suppose 7 = 3*s - 11. Let l(v) = 2*v - 7. Let q be l(s). Let m(z) = 204*z - 209*z + 0 + 2 + z**2. Give m(q).
2
Let t(b) = 2*b**2 + b - 2. Suppose 14 = 4*d - 2*s, s = -6*d + d + 28. Suppose -7*n + 2*n + r - 5 = 0, 0 = -d*n - 4*r - 30. Determine t(n).
4
Suppose -p + 3*j = -j + 13, 4*p + 5*j = 11. Let b(o) = 5*o**2 - 1. Let i be b(p). Let m(l) be the third derivative of l**4/12 - l**3/3 - 2*l**2. Give m(i).
6
Let h(j) = 5*j**2 - 5*j - 4. Let y be h(-1). Let c(r) = -r**2 + 5*r - 3. Determine c(y).
-9
Let o(b) be the first derivative of b**4/4 - 5*b**3/3 - 7*b - 4. Let h be 4/((-1)/3 + 1). Let q(f) = f**2 - 6*f + 5. Let k be q(h). Calculate o(k).
-7
Suppose 49 + 86 = 15*i. Let p(z) be the second derivative of z**4/12 - 3*z**3/2 - 2*z**2 - z. What is p(i)?
-4
Let d(g) = -4*g - 7 + 0*g + g. Suppose 0 = 13*l + 25 + 53. Calculate d(l).
11
Let h(m) = m - 10. Let k(j) = -4 + 3 - j - 6. Let q be k(-3). Let n = q + 11. What is h(n)?
-3
Suppose -4*a = -2*k + 28, 4*k = a + a + 32. Let j(b) = -2*b. Let r be j(-1). Let i(z) = 6*z + 4 - 45*z**3 - z - 7*z**r + 46*z**3. Calculate i(k).
-2
Let i(j) be the first derivative of 5*j**4/8 - 5*j**2/2 + 26. Let p(x) be the second derivative of i(x). Let w(g) = -2*g + 1. Let s be w(1). Determine p(s).
-15
Let t = 75 - 80. Let w(i) = 6*i - 4. Let k(p) = 7*p - 5. Let c(z) = t*w(z) + 4*k(z). Calculate c(2).
-4
Suppose -q - 4 = 0, -5*q + 34 - 104 = -2*j. Suppose 2*m = -a - 10, j = a - 5*m - 0*m. Let b(c) = c**3 + c**2 - 5. Determine b(a).
-5
Let d be (-4)/(-2) + 0/(-10). Let o be (2 + -3)*(-3 + d). Suppose o = z + 3. Let a(k) = 2*k**2 + 2*k + 3. Calculate a(z).
7
Let o(u) = -u**2 + 2*u + 42. Let y be o(8). Let a(w) = -w**2 - 6*w - 5. Let i be a(-6). Let h = y - i. Let r(z) = 4*z**3 - z**2 - 2*z - 1. Give r(h).
-4
Let t(i) = 3*i. Let g(d) = 6*d**3 - 2*d + 3. Let f be g(2). Let w = 48 - f. Determine t(w).
3
Suppose -12 = -6*f + 2*f. Let t(d) = -2*d + 4 + f*d + 0*d. Let l be (2/4)/(10/(-60)) + -1. Determine t(l).
0
Let j(a) = a**2 + 13*a - 44. Let k be j(-16). Suppose k*p - 23 = 5. Let z(q) = q**2 - 9*q + 9. Determine z(p).
-5
Let x(q) be the second derivative of q**4/4 - q**3 + 5*q**2/2 + 273*q - 1. Determine x(1).
2
Let l(v) = 2*v + 52. Let a(f) = 6*f + 161. Let g(y) = 4*a(y) - 11*l(y). What is g(-33)?
6
Let j(w) be the third derivative of -w**4/12 - 2*w**3 + 210*w**2. Give j(9).
-30
Let y(i) = 7*i**2 - 41*i + 30. Let a(t) = 4*t**2 - 21*t + 14. Let j(d) = -9*a(d) + 5*y(d). Determine j(-17).
7
Let t = 0 - -6. Suppose 2*a = l - 3 + t, -2*l = 5*a - 21. Let b be (-1 - -1)/(l - 2). Let p(j) = j**3 - j**2 - j + 13. Calculate p(b).
13
Let y = -130 + 130. Let j(b) = 6 + 3 + b - b**2 + 2*b**2. Determine j(y).
9
Let i(q) = -2*q + 3. Suppose 4*h - 32 + 12 = 0. Determine i(h).
-7
Let p(t) be the third derivative of 0 - 10*t**2 + 1/24*t**4 - 5/2*t**3 + 0*t. Give p(0).
-15
Let t(a) = -a**3 - 4*a**2 - a + 1. Suppose -d = 3*d - 20. Suppose 3*k + 5*c + 29 = 0, -3*c = -k - d*c - 11. What is t(k)?
-5
Let j(t) = t**3 - 7*t**2 - 16*t - 17. Let l(u) = -20*u**2 - 180*u + 9. Let f be l(-9). Determine j(f).
1
Let y be 3/(-12) - (-27)/(-4). Let b(n) = -11*n + 19. Let o(a) = -5*a + 9. Suppose 0 = -4*f + 8, -5*f = 4*p - 37 + 3. Let w(k) = p*b(k) - 13*o(k). Give w(y).
4
Let h(f) = 2*f**3 - 2*f - 3. Suppose 15 - 105 = -45*q. Give h(q).
9
Let h(l) be the first derivative of l**4/4 + l**3 - 5*l**2/2 + l - 2. Let g be h(-4). Suppose -g*i = -5 - 5. Let f(a) = 4*a - 2. Calculate f(i).
6
Let l = 52 + -38. Let k be 0 - 0 - -7*(-4)/l. Let a(r) = -2*r**3 + r**2 + 2*r + 1. What is a(k)?
17
Let s(q) = 2 + 3*q + 2*q + 0*q - 2*q**3 + 0*q**3. Let o(p) = -13*p**2 - 2*p - 2 + 3*p**3 + 14*p**2 - 3*p. Let b(j) = -3*o(j) - 4*s(j). What is b(-3)?
13
Let r(k) be the first derivative of -k**2/2 + 2*k + 56. What is r(-5)?
7
Let j(r) = -10*r**3 + 2*r + 1. Let i be j(-1). Let z = 4 - i. Let k(y) be the first derivative of y**4/4 + 5*y**3/3 - y**2 - 4*y - 611. Determine k(z).
6
Suppose -159 = -14*o - 89. Let v(m) = m**2 - 4*m + 2. Give v(o).
7
Let a = -2 + 2. Let w(y) = -y - 2. Suppose 9*r - 2 = 8*r. Let o(x) = -4*x - 7. Let z(b) = r*o(b) - 9*w(b). Give z(a).
4
Suppose 3*v + 0 = 9. Let a(b) = -b**3 + 13*b**2 + 4 - 6*b**2 + 0*b**v. What is a(7)?
4
Let o(a) be the first derivative of a**3 - a**2/2 - 60. Give o(-1).
4
Let a(c) = 13*c**2 + 36*c - 12. Let f(d) = -5*d**2 - 18*d + 7. Let t(r) = -2*a(r) - 5*f(r). Give t(18).
-11
Suppose -x = -4*x + 6. Let c(m) = 0 - x*m + 7 - 2*m**2 - 3 + 3*m. Give c(3).
-11
Suppose 62*x - 67*x - 5 = 0. Let v(r) = 5*r + 1 - 4*r - 8*r. What is v(x)?
8
Suppose -14 = -b + 3. Let f = -10 + b. Let j(z) = -z**3 + 6*z**2 + 8*z + 4. Calculate j(f).
11
Let w be 3*(-10)/(-15)*3. Let u(p) = 2*p + 1. Give u(w).
13
Let w be (14 - -90)/8 - 15. Let g(x) = -x + 7. Let b be g(5). Let f(k) = -2*k - 1 + 1 - k**b. Calculate f(w).
0
Let g be 7/35 + (-38)/(-10) + -2. Let h(m) = -2*m**2 + 2*m + 2. Calculate h(g).
-2
Let s(h) = -h + 3. Let k be s(8). Let m(o) = 2*o**2 + 7*o + 3. Cal